{"id":52,"date":"2023-05-04T08:45:16","date_gmt":"2023-05-04T08:45:16","guid":{"rendered":"https:\/\/rodapies.com\/blog\/?page_id=52"},"modified":"2023-05-04T08:45:16","modified_gmt":"2023-05-04T08:45:16","slug":"blog","status":"publish","type":"page","link":"https:\/\/rodapies.com\/blog\/","title":{"rendered":"Blog"},"content":{"rendered":"<div  class='av-alb-blogposts template-blog  av-blog-meta-author-disabled av-blog-meta-comments-disabled av-blog-meta-date-disabled '  itemscope=\"itemscope\" itemtype=\"https:\/\/schema.org\/Blog\" ><article class=\"post-entry post-entry-type-standard post-entry-85 post-loop-1 post-parity-odd single-big with-slider post-85 post type-post status-publish format-standard has-post-thumbnail hentry category-todo-sobre-rodapies\"  itemscope=\"itemscope\" itemtype=\"https:\/\/schema.org\/BlogPosting\" ><div class=\"blog-meta\"><\/div><div class='entry-content-wrapper clearfix standard-content'><header class=\"entry-content-header\"><div class=\"av-heading-wrapper\"><span class=\"blog-categories minor-meta\"><a href=\"https:\/\/rodapies.com\/blog\/category\/todo-sobre-rodapies\/\" rel=\"tag\">Todo Sobre Rodapi\u00e9s<\/a><\/span><h2 class='post-title entry-title '  itemprop=\"headline\" ><a href=\"https:\/\/rodapies.com\/blog\/el-rodapie-lacado-elegancia-y-estilo-para-tu-hogar\/\" rel=\"bookmark\" title=\"Enlace permanente: El Rodapi\u00e9 Lacado: Elegancia y Estilo para tu Hogar\">El Rodapi\u00e9 Lacado: Elegancia y Estilo para tu Hogar<span class=\"post-format-icon minor-meta\"><\/span><\/a><\/h2><\/div><\/header><span class=\"av-vertical-delimiter\"><\/span><div class=\"big-preview single-big\"  itemprop=\"image\" itemscope=\"itemscope\" itemtype=\"https:\/\/schema.org\/ImageObject\" ><a href=\"https:\/\/rodapies.com\/blog\/el-rodapie-lacado-elegancia-y-estilo-para-tu-hogar\/\"  title=\"RODAPIE BLANCO LACADO 2\" ><img width=\"845\" height=\"321\" src=\"https:\/\/rodapies.com\/blog\/wp-content\/uploads\/2023\/06\/RODAPIE-BLANCO-LACADO-2-845x321.jpg\" class=\"wp-image-87 avia-img-lazy-loading-not-87 attachment-entry_with_sidebar size-entry_with_sidebar wp-post-image\" alt=\"rodapie lacado blanco\" decoding=\"async\" \/><\/a><\/div><div class=\"entry-content\"  itemprop=\"text\" ><p>El rodapi\u00e9 lacado es un elemento decorativo que cumple una funci\u00f3n importante en la terminaci\u00f3n de los suelos. Adem\u00e1s de su funci\u00f3n est\u00e9tica, brinda protecci\u00f3n y oculta las juntas entre el suelo y la pared. En este art\u00edculo, exploraremos diferentes tipos de rodapi\u00e9 lacado, como el rodapi\u00e9 DM lacado, z\u00f3calo DM lacado blanco y el [&hellip;]<\/p>\n<div class=\"read-more-link\"><a href=\"https:\/\/rodapies.com\/blog\/el-rodapie-lacado-elegancia-y-estilo-para-tu-hogar\/\" class=\"more-link\">Leer m\u00e1s<span class=\"more-link-arrow\"><\/span><\/a><\/div>\n<\/div><span class=\"post-meta-infos\"><\/span><footer class=\"entry-footer\"><\/footer><div class='post_delimiter'><\/div><\/div><div class=\"post_author_timeline\"><\/div><span class='hidden'>\n\t\t\t\t<span class='av-structured-data'  itemprop=\"image\" itemscope=\"itemscope\" itemtype=\"https:\/\/schema.org\/ImageObject\" >\n\t\t\t\t\t\t<span itemprop='url'>https:\/\/rodapies.com\/blog\/wp-content\/uploads\/2023\/06\/RODAPIE-BLANCO-LACADO-2.jpg<\/span>\n\t\t\t\t\t\t<span itemprop='height'>900<\/span>\n\t\t\t\t\t\t<span itemprop='width'>1200<\/span>\n\t\t\t\t<\/span>\n\t\t\t\t<span class='av-structured-data'  itemprop=\"publisher\" itemtype=\"https:\/\/schema.org\/Organization\" itemscope=\"itemscope\" >\n\t\t\t\t\t\t<span itemprop='name'>Rodapies.com<\/span>\n\t\t\t\t\t\t<span itemprop='logo' itemscope itemtype='https:\/\/schema.org\/ImageObject'>\n\t\t\t\t\t\t\t<span itemprop='url'>http:\/\/rodapies.com\/blog\/wp-content\/uploads\/2023\/04\/logo-300x80.png<\/span>\n\t\t\t\t\t\t<\/span>\n\t\t\t\t<\/span><span class='av-structured-data'  itemprop=\"author\" itemscope=\"itemscope\" itemtype=\"https:\/\/schema.org\/Person\" ><span itemprop='name'>Rodapies.com<\/span><\/span><span class='av-structured-data'  itemprop=\"datePublished\" datetime=\"2023-06-04T00:04:36+00:00\" >2023-06-04 00:04:36<\/span><span class='av-structured-data'  itemprop=\"dateModified\" itemtype=\"https:\/\/schema.org\/dateModified\" >2023-06-04 00:04:48<\/span><span class='av-structured-data'  itemprop=\"mainEntityOfPage\" itemtype=\"https:\/\/schema.org\/mainEntityOfPage\" ><span itemprop='name'>El Rodapi\u00e9 Lacado: Elegancia y Estilo para tu Hogar<\/span><\/span><\/span><\/article><article class=\"post-entry post-entry-type-standard post-entry-80 post-loop-2 post-parity-even single-big with-slider post-80 post type-post status-publish format-standard has-post-thumbnail hentry category-todo-sobre-rodapies\"  itemscope=\"itemscope\" itemtype=\"https:\/\/schema.org\/BlogPosting\" ><div class=\"blog-meta\"><\/div><div class='entry-content-wrapper clearfix standard-content'><header class=\"entry-content-header\"><div class=\"av-heading-wrapper\"><span class=\"blog-categories minor-meta\"><a href=\"https:\/\/rodapies.com\/blog\/category\/todo-sobre-rodapies\/\" rel=\"tag\">Todo Sobre Rodapi\u00e9s<\/a><\/span><h2 class='post-title entry-title '  itemprop=\"headline\" ><a href=\"https:\/\/rodapies.com\/blog\/por-que-los-rodapies-lacados-en-blanco-son-la-eleccion-perfecta-para-los-hogares-modernos\/\" rel=\"bookmark\" title=\"Enlace permanente: Por qu\u00e9 los rodapi\u00e9s lacados en blanco son la elecci\u00f3n perfecta para los hogares modernos\">Por qu\u00e9 los rodapi\u00e9s lacados en blanco son la elecci\u00f3n perfecta para los hogares modernos<span class=\"post-format-icon minor-meta\"><\/span><\/a><\/h2><\/div><\/header><span class=\"av-vertical-delimiter\"><\/span><div class=\"big-preview single-big\"  itemprop=\"image\" itemscope=\"itemscope\" itemtype=\"https:\/\/schema.org\/ImageObject\" ><a href=\"https:\/\/rodapies.com\/blog\/por-que-los-rodapies-lacados-en-blanco-son-la-eleccion-perfecta-para-los-hogares-modernos\/\"  title=\"rodapies lacado moldurado de 20cm\" ><img width=\"845\" height=\"321\" src=\"https:\/\/rodapies.com\/blog\/wp-content\/uploads\/2023\/06\/rodapies-lacado-moldurado-de-20cm-845x321.jpg\" class=\"wp-image-83 avia-img-lazy-loading-not-83 attachment-entry_with_sidebar size-entry_with_sidebar wp-post-image\" alt=\"Rodapies lacados en blanco\" decoding=\"async\" \/><\/a><\/div><div class=\"entry-content\"  itemprop=\"text\" ><p>Por qu\u00e9 los rodapi\u00e9s lacados en blanco son la elecci\u00f3n perfecta para los hogares modernos<\/p>\n<div class=\"read-more-link\"><a href=\"https:\/\/rodapies.com\/blog\/por-que-los-rodapies-lacados-en-blanco-son-la-eleccion-perfecta-para-los-hogares-modernos\/\" class=\"more-link\">Leer m\u00e1s<span class=\"more-link-arrow\"><\/span><\/a><\/div>\n<\/div><span class=\"post-meta-infos\"><\/span><footer class=\"entry-footer\"><\/footer><div class='post_delimiter'><\/div><\/div><div class=\"post_author_timeline\"><\/div><span class='hidden'>\n\t\t\t\t<span class='av-structured-data'  itemprop=\"image\" itemscope=\"itemscope\" itemtype=\"https:\/\/schema.org\/ImageObject\" >\n\t\t\t\t\t\t<span itemprop='url'>https:\/\/rodapies.com\/blog\/wp-content\/uploads\/2023\/06\/rodapies-lacado-moldurado-de-20cm.jpg<\/span>\n\t\t\t\t\t\t<span itemprop='height'>1000<\/span>\n\t\t\t\t\t\t<span itemprop='width'>1500<\/span>\n\t\t\t\t<\/span>\n\t\t\t\t<span class='av-structured-data'  itemprop=\"publisher\" itemtype=\"https:\/\/schema.org\/Organization\" itemscope=\"itemscope\" >\n\t\t\t\t\t\t<span itemprop='name'>Rodapies.com<\/span>\n\t\t\t\t\t\t<span itemprop='logo' itemscope itemtype='https:\/\/schema.org\/ImageObject'>\n\t\t\t\t\t\t\t<span itemprop='url'>http:\/\/rodapies.com\/blog\/wp-content\/uploads\/2023\/04\/logo-300x80.png<\/span>\n\t\t\t\t\t\t<\/span>\n\t\t\t\t<\/span><span class='av-structured-data'  itemprop=\"author\" itemscope=\"itemscope\" itemtype=\"https:\/\/schema.org\/Person\" ><span itemprop='name'>Rodapies.com<\/span><\/span><span class='av-structured-data'  itemprop=\"datePublished\" datetime=\"2023-06-01T16:26:05+00:00\" >2023-06-01 16:26:05<\/span><span class='av-structured-data'  itemprop=\"dateModified\" itemtype=\"https:\/\/schema.org\/dateModified\" >2023-06-01 16:26:06<\/span><span class='av-structured-data'  itemprop=\"mainEntityOfPage\" itemtype=\"https:\/\/schema.org\/mainEntityOfPage\" ><span itemprop='name'>Por qu\u00e9 los rodapi\u00e9s lacados en blanco son la elecci\u00f3n perfecta para los hogares modernos<\/span><\/span><\/span><\/article><article class=\"post-entry post-entry-type-standard post-entry-75 post-loop-3 post-parity-odd single-big with-slider post-75 post type-post status-publish format-standard has-post-thumbnail hentry category-todo-sobre-rodapies\"  itemscope=\"itemscope\" itemtype=\"https:\/\/schema.org\/BlogPosting\" ><div class=\"blog-meta\"><\/div><div class='entry-content-wrapper clearfix standard-content'><header class=\"entry-content-header\"><div class=\"av-heading-wrapper\"><span class=\"blog-categories minor-meta\"><a href=\"https:\/\/rodapies.com\/blog\/category\/todo-sobre-rodapies\/\" rel=\"tag\">Todo Sobre Rodapi\u00e9s<\/a><\/span><h2 class='post-title entry-title '  itemprop=\"headline\" ><a href=\"https:\/\/rodapies.com\/blog\/las-ventajas-de-instalar-rodapie-finfloor-en-su-hogar-una-revision-exhaustiva\/\" rel=\"bookmark\" title=\"Enlace permanente: Las ventajas de instalar Rodapie Finfloor en su hogar: Una revisi\u00f3n exhaustiva\">Las ventajas de instalar Rodapie Finfloor en su hogar: Una revisi\u00f3n exhaustiva<span class=\"post-format-icon minor-meta\"><\/span><\/a><\/h2><\/div><\/header><span class=\"av-vertical-delimiter\"><\/span><div class=\"big-preview single-big\"  itemprop=\"image\" itemscope=\"itemscope\" itemtype=\"https:\/\/schema.org\/ImageObject\" ><a href=\"https:\/\/rodapies.com\/blog\/las-ventajas-de-instalar-rodapie-finfloor-en-su-hogar-una-revision-exhaustiva\/\"  title=\"rodapie lacados finfloor\" ><img width=\"845\" height=\"321\" src=\"https:\/\/rodapies.com\/blog\/wp-content\/uploads\/2023\/05\/rodapie-lacados-finfloor-845x321.jpeg\" class=\"wp-image-78 avia-img-lazy-loading-not-78 attachment-entry_with_sidebar size-entry_with_sidebar wp-post-image\" alt=\"Rodapie Finfloor\" decoding=\"async\" \/><\/a><\/div><div class=\"entry-content\"  itemprop=\"text\" ><p>\u00bfBusca una forma sencilla pero eficaz de mejorar el aspecto de su hogar? No busque m\u00e1s: los rodapi\u00e9s Finfloor. Este innovador producto ofrece una serie de ventajas que pueden transformar el aspecto de cualquier habitaci\u00f3n, a la vez que proporciona beneficios pr\u00e1cticos, como proteger las paredes de da\u00f1os y ocultar cables antiest\u00e9ticos. En esta completa [&hellip;]<\/p>\n<div class=\"read-more-link\"><a href=\"https:\/\/rodapies.com\/blog\/las-ventajas-de-instalar-rodapie-finfloor-en-su-hogar-una-revision-exhaustiva\/\" class=\"more-link\">Leer m\u00e1s<span class=\"more-link-arrow\"><\/span><\/a><\/div>\n<\/div><span class=\"post-meta-infos\"><\/span><footer class=\"entry-footer\"><\/footer><div class='post_delimiter'><\/div><\/div><div class=\"post_author_timeline\"><\/div><span class='hidden'>\n\t\t\t\t<span class='av-structured-data'  itemprop=\"image\" itemscope=\"itemscope\" itemtype=\"https:\/\/schema.org\/ImageObject\" >\n\t\t\t\t\t\t<span itemprop='url'>https:\/\/rodapies.com\/blog\/wp-content\/uploads\/2023\/05\/rodapie-lacados-finfloor-scaled.jpeg<\/span>\n\t\t\t\t\t\t<span itemprop='height'>2560<\/span>\n\t\t\t\t\t\t<span itemprop='width'>2560<\/span>\n\t\t\t\t<\/span>\n\t\t\t\t<span class='av-structured-data'  itemprop=\"publisher\" itemtype=\"https:\/\/schema.org\/Organization\" itemscope=\"itemscope\" >\n\t\t\t\t\t\t<span itemprop='name'>Rodapies.com<\/span>\n\t\t\t\t\t\t<span itemprop='logo' itemscope itemtype='https:\/\/schema.org\/ImageObject'>\n\t\t\t\t\t\t\t<span itemprop='url'>http:\/\/rodapies.com\/blog\/wp-content\/uploads\/2023\/04\/logo-300x80.png<\/span>\n\t\t\t\t\t\t<\/span>\n\t\t\t\t<\/span><span class='av-structured-data'  itemprop=\"author\" itemscope=\"itemscope\" itemtype=\"https:\/\/schema.org\/Person\" ><span itemprop='name'>Rodapies.com<\/span><\/span><span class='av-structured-data'  itemprop=\"datePublished\" datetime=\"2023-05-31T23:00:45+00:00\" >2023-05-31 23:00:45<\/span><span class='av-structured-data'  itemprop=\"dateModified\" itemtype=\"https:\/\/schema.org\/dateModified\" >2023-05-31 23:00:46<\/span><span class='av-structured-data'  itemprop=\"mainEntityOfPage\" itemtype=\"https:\/\/schema.org\/mainEntityOfPage\" ><span itemprop='name'>Las ventajas de instalar Rodapie Finfloor en su hogar: Una revisi\u00f3n exhaustiva<\/span><\/span><\/span><\/article><article class=\"post-entry post-entry-type-standard post-entry-71 post-loop-4 post-parity-even single-big with-slider post-71 post type-post status-publish format-standard has-post-thumbnail hentry category-todo-sobre-rodapies\"  itemscope=\"itemscope\" itemtype=\"https:\/\/schema.org\/BlogPosting\" ><div class=\"blog-meta\"><\/div><div class='entry-content-wrapper clearfix standard-content'><header class=\"entry-content-header\"><div class=\"av-heading-wrapper\"><span class=\"blog-categories minor-meta\"><a href=\"https:\/\/rodapies.com\/blog\/category\/todo-sobre-rodapies\/\" rel=\"tag\">Todo Sobre Rodapi\u00e9s<\/a><\/span><h2 class='post-title entry-title '  itemprop=\"headline\" ><a href=\"https:\/\/rodapies.com\/blog\/el-gran-debate-de-los-rodapies-a-juego-con-la-puerta-o-con-el-suelo-esto-es-lo-que-necesita-saber\/\" rel=\"bookmark\" title=\"Enlace permanente: El gran debate de los rodapi\u00e9s: \u00bfA juego con la puerta o con el suelo? Esto es lo que necesita saber\">El gran debate de los rodapi\u00e9s: \u00bfA juego con la puerta o con el suelo? Esto es lo que necesita saber<span class=\"post-format-icon minor-meta\"><\/span><\/a><\/h2><\/div><\/header><span class=\"av-vertical-delimiter\"><\/span><div class=\"big-preview single-big\"  itemprop=\"image\" itemscope=\"itemscope\" itemtype=\"https:\/\/schema.org\/ImageObject\" ><a href=\"https:\/\/rodapies.com\/blog\/el-gran-debate-de-los-rodapies-a-juego-con-la-puerta-o-con-el-suelo-esto-es-lo-que-necesita-saber\/\"  title=\"rodapie lacado blanco\" ><img width=\"845\" height=\"321\" src=\"https:\/\/rodapies.com\/blog\/wp-content\/uploads\/2023\/05\/rodapie-lacado-blanco-845x321.jpeg\" class=\"wp-image-73 avia-img-lazy-loading-not-73 attachment-entry_with_sidebar size-entry_with_sidebar wp-post-image\" alt=\"Rodapie lacado blanco\" decoding=\"async\" \/><\/a><\/div><div class=\"entry-content\"  itemprop=\"text\" ><p>\u00bfAlguna vez ha entrado en una habitaci\u00f3n y ha pensado que le faltaba algo? Es una sensaci\u00f3n com\u00fan, pero a menudo no sabemos qu\u00e9 es lo que falla. La respuesta puede ser m\u00e1s sencilla de lo que cree: sus paredes. Aunque dedicamos mucho tiempo y dinero a elegir el color de pintura adecuado, a menudo [&hellip;]<\/p>\n<div class=\"read-more-link\"><a href=\"https:\/\/rodapies.com\/blog\/el-gran-debate-de-los-rodapies-a-juego-con-la-puerta-o-con-el-suelo-esto-es-lo-que-necesita-saber\/\" class=\"more-link\">Leer m\u00e1s<span class=\"more-link-arrow\"><\/span><\/a><\/div>\n<\/div><span class=\"post-meta-infos\"><\/span><footer class=\"entry-footer\"><\/footer><div class='post_delimiter'><\/div><\/div><div class=\"post_author_timeline\"><\/div><span class='hidden'>\n\t\t\t\t<span class='av-structured-data'  itemprop=\"image\" itemscope=\"itemscope\" itemtype=\"https:\/\/schema.org\/ImageObject\" >\n\t\t\t\t\t\t<span itemprop='url'>https:\/\/rodapies.com\/blog\/wp-content\/uploads\/2023\/05\/rodapie-lacado-blanco.jpeg<\/span>\n\t\t\t\t\t\t<span itemprop='height'>1024<\/span>\n\t\t\t\t\t\t<span itemprop='width'>1024<\/span>\n\t\t\t\t<\/span>\n\t\t\t\t<span class='av-structured-data'  itemprop=\"publisher\" itemtype=\"https:\/\/schema.org\/Organization\" itemscope=\"itemscope\" >\n\t\t\t\t\t\t<span itemprop='name'>Rodapies.com<\/span>\n\t\t\t\t\t\t<span itemprop='logo' itemscope itemtype='https:\/\/schema.org\/ImageObject'>\n\t\t\t\t\t\t\t<span itemprop='url'>http:\/\/rodapies.com\/blog\/wp-content\/uploads\/2023\/04\/logo-300x80.png<\/span>\n\t\t\t\t\t\t<\/span>\n\t\t\t\t<\/span><span class='av-structured-data'  itemprop=\"author\" itemscope=\"itemscope\" itemtype=\"https:\/\/schema.org\/Person\" ><span itemprop='name'>Rodapies.com<\/span><\/span><span class='av-structured-data'  itemprop=\"datePublished\" datetime=\"2023-05-31T22:45:57+00:00\" >2023-05-31 22:45:57<\/span><span class='av-structured-data'  itemprop=\"dateModified\" itemtype=\"https:\/\/schema.org\/dateModified\" >2023-05-31 22:45:58<\/span><span class='av-structured-data'  itemprop=\"mainEntityOfPage\" itemtype=\"https:\/\/schema.org\/mainEntityOfPage\" ><span itemprop='name'>El gran debate de los rodapi\u00e9s: \u00bfA juego con la puerta o con el suelo? Esto es lo que necesita saber<\/span><\/span><\/span><\/article><article class=\"post-entry post-entry-type-standard post-entry-65 post-loop-5 post-parity-odd single-big with-slider post-65 post type-post status-publish format-standard has-post-thumbnail hentry category-todo-sobre-rodapies\"  itemscope=\"itemscope\" itemtype=\"https:\/\/schema.org\/BlogPosting\" ><div class=\"blog-meta\"><\/div><div class='entry-content-wrapper clearfix standard-content'><header class=\"entry-content-header\"><div class=\"av-heading-wrapper\"><span class=\"blog-categories minor-meta\"><a href=\"https:\/\/rodapies.com\/blog\/category\/todo-sobre-rodapies\/\" rel=\"tag\">Todo Sobre Rodapi\u00e9s<\/a><\/span><h2 class='post-title entry-title '  itemprop=\"headline\" ><a href=\"https:\/\/rodapies.com\/blog\/por-que-quick-step-rodapie-es-la-mejor-opcion-para-su-hogar\/\" rel=\"bookmark\" title=\"Enlace permanente: Por qu\u00e9 Quick Step Rodapie es la mejor opci\u00f3n para su hogar\">Por qu\u00e9 Quick Step Rodapie es la mejor opci\u00f3n para su hogar<span class=\"post-format-icon minor-meta\"><\/span><\/a><\/h2><\/div><\/header><span class=\"av-vertical-delimiter\"><\/span><div class=\"big-preview single-big\"  itemprop=\"image\" itemscope=\"itemscope\" itemtype=\"https:\/\/schema.org\/ImageObject\" ><a href=\"https:\/\/rodapies.com\/blog\/por-que-quick-step-rodapie-es-la-mejor-opcion-para-su-hogar\/\"  title=\"QUICKSTEP RODAPIES\" ><img width=\"845\" height=\"321\" src=\"https:\/\/rodapies.com\/blog\/wp-content\/uploads\/2023\/05\/QUICKSTEP-RODAPIES-845x321.jpeg\" class=\"wp-image-68 avia-img-lazy-loading-not-68 attachment-entry_with_sidebar size-entry_with_sidebar wp-post-image\" alt=\"RODAPIE DE QUICK STEP PRECIO\" decoding=\"async\" \/><\/a><\/div><div class=\"entry-content\"  itemprop=\"text\" ><p>Cuando se trata de la decoraci\u00f3n del hogar, los detalles importan. Y pocos detalles son tan importantes como los rodapi\u00e9s. No s\u00f3lo a\u00f1aden un toque final a cualquier habitaci\u00f3n, sino que tambi\u00e9n protegen las paredes de rozaduras y ara\u00f1azos. Pero con tantas opciones en el mercado, \u00bfc\u00f3mo elegir el adecuado para su hogar? No busque [&hellip;]<\/p>\n<div class=\"read-more-link\"><a href=\"https:\/\/rodapies.com\/blog\/por-que-quick-step-rodapie-es-la-mejor-opcion-para-su-hogar\/\" class=\"more-link\">Leer m\u00e1s<span class=\"more-link-arrow\"><\/span><\/a><\/div>\n<\/div><span class=\"post-meta-infos\"><\/span><footer class=\"entry-footer\"><\/footer><div class='post_delimiter'><\/div><\/div><div class=\"post_author_timeline\"><\/div><span class='hidden'>\n\t\t\t\t<span class='av-structured-data'  itemprop=\"image\" itemscope=\"itemscope\" itemtype=\"https:\/\/schema.org\/ImageObject\" >\n\t\t\t\t\t\t<span itemprop='url'>https:\/\/rodapies.com\/blog\/wp-content\/uploads\/2023\/05\/QUICKSTEP-RODAPIES.jpeg<\/span>\n\t\t\t\t\t\t<span itemprop='height'>1024<\/span>\n\t\t\t\t\t\t<span itemprop='width'>1024<\/span>\n\t\t\t\t<\/span>\n\t\t\t\t<span class='av-structured-data'  itemprop=\"publisher\" itemtype=\"https:\/\/schema.org\/Organization\" itemscope=\"itemscope\" >\n\t\t\t\t\t\t<span itemprop='name'>Rodapies.com<\/span>\n\t\t\t\t\t\t<span itemprop='logo' itemscope itemtype='https:\/\/schema.org\/ImageObject'>\n\t\t\t\t\t\t\t<span itemprop='url'>http:\/\/rodapies.com\/blog\/wp-content\/uploads\/2023\/04\/logo-300x80.png<\/span>\n\t\t\t\t\t\t<\/span>\n\t\t\t\t<\/span><span class='av-structured-data'  itemprop=\"author\" itemscope=\"itemscope\" itemtype=\"https:\/\/schema.org\/Person\" ><span itemprop='name'>Rodapies.com<\/span><\/span><span class='av-structured-data'  itemprop=\"datePublished\" datetime=\"2023-05-31T22:30:24+00:00\" >2023-05-31 22:30:24<\/span><span class='av-structured-data'  itemprop=\"dateModified\" itemtype=\"https:\/\/schema.org\/dateModified\" >2023-05-31 22:30:31<\/span><span class='av-structured-data'  itemprop=\"mainEntityOfPage\" itemtype=\"https:\/\/schema.org\/mainEntityOfPage\" ><span itemprop='name'>Por qu\u00e9 Quick Step Rodapie es la mejor opci\u00f3n para su hogar<\/span><\/span><\/span><\/article><article class=\"post-entry post-entry-type-standard post-entry-58 post-loop-6 post-parity-even post-entry-last single-big  post-58 post type-post status-publish format-standard hentry category-todo-sobre-rodapies\"  itemscope=\"itemscope\" itemtype=\"https:\/\/schema.org\/BlogPosting\" ><div class=\"blog-meta\"><\/div><div class='entry-content-wrapper clearfix standard-content'><header class=\"entry-content-header\"><div class=\"av-heading-wrapper\"><span class=\"blog-categories minor-meta\"><a href=\"https:\/\/rodapies.com\/blog\/category\/todo-sobre-rodapies\/\" rel=\"tag\">Todo Sobre Rodapi\u00e9s<\/a><\/span><h2 class='post-title entry-title '  itemprop=\"headline\" ><a href=\"https:\/\/rodapies.com\/blog\/todo-sobre-rodapies-de-pvc\/\" rel=\"bookmark\" title=\"Enlace permanente: Todo sobre rodapi\u00e9s de PVC\">Todo sobre rodapi\u00e9s de PVC<span class=\"post-format-icon minor-meta\"><\/span><\/a><\/h2><\/div><\/header><span class=\"av-vertical-delimiter\"><\/span><div class=\"entry-content\"  itemprop=\"text\" ><p>Si busca una forma asequible y elegante de rematar la base de sus paredes, los rodapi\u00e9s de PVC pueden ser la soluci\u00f3n que necesita. No s\u00f3lo son f\u00e1ciles de instalar, sino que tambi\u00e9n proporcionan una barrera protectora contra el desgaste, manteniendo sus paredes con un aspecto impecable durante a\u00f1os. Pero con tantas opciones en el [&hellip;]<\/p>\n<div class=\"read-more-link\"><a href=\"https:\/\/rodapies.com\/blog\/todo-sobre-rodapies-de-pvc\/\" class=\"more-link\">Leer m\u00e1s<span class=\"more-link-arrow\"><\/span><\/a><\/div>\n<\/div><span class=\"post-meta-infos\"><\/span><footer class=\"entry-footer\"><\/footer><div class='post_delimiter'><\/div><\/div><div class=\"post_author_timeline\"><\/div><span class='hidden'>\n\t\t\t\t<span class='av-structured-data'  itemprop=\"image\" itemscope=\"itemscope\" itemtype=\"https:\/\/schema.org\/ImageObject\" >\n\t\t\t\t\t\t<span itemprop='url'>http:\/\/rodapies.com\/blog\/wp-content\/uploads\/2023\/04\/logo-300x80.png<\/span>\n\t\t\t\t\t\t<span itemprop='height'>0<\/span>\n\t\t\t\t\t\t<span itemprop='width'>0<\/span>\n\t\t\t\t<\/span>\n\t\t\t\t<span class='av-structured-data'  itemprop=\"publisher\" itemtype=\"https:\/\/schema.org\/Organization\" itemscope=\"itemscope\" >\n\t\t\t\t\t\t<span itemprop='name'>Rodapies.com<\/span>\n\t\t\t\t\t\t<span itemprop='logo' itemscope itemtype='https:\/\/schema.org\/ImageObject'>\n\t\t\t\t\t\t\t<span itemprop='url'>http:\/\/rodapies.com\/blog\/wp-content\/uploads\/2023\/04\/logo-300x80.png<\/span>\n\t\t\t\t\t\t<\/span>\n\t\t\t\t<\/span><span class='av-structured-data'  itemprop=\"author\" itemscope=\"itemscope\" itemtype=\"https:\/\/schema.org\/Person\" ><span itemprop='name'>Rodapies.com<\/span><\/span><span class='av-structured-data'  itemprop=\"datePublished\" datetime=\"2023-05-21T22:09:43+00:00\" >2023-05-21 22:09:43<\/span><span class='av-structured-data'  itemprop=\"dateModified\" itemtype=\"https:\/\/schema.org\/dateModified\" >2023-05-21 22:10:58<\/span><span class='av-structured-data'  itemprop=\"mainEntityOfPage\" itemtype=\"https:\/\/schema.org\/mainEntityOfPage\" ><span itemprop='name'>Todo sobre rodapi\u00e9s de PVC<\/span><\/span><\/span><\/article><div class='single-big'><nav class='pagination'><span class='pagination-meta'>P\u00e1gina 1 de 2<\/span><span class='current'>1<\/span><a href='https:\/\/rodapies.com\/blog\/wp-json\/wp\/v2\/pages\/52\/page\/2\/' class='inactive next_page' >2<\/a><\/nav>\n<\/div><\/div>\n","protected":false},"excerpt":{"rendered":"","protected":false},"author":1,"featured_media":0,"parent":0,"menu_order":0,"comment_status":"closed","ping_status":"closed","template":"","meta":[],"aioseo_notices":[],"_links":{"self":[{"href":"https:\/\/rodapies.com\/blog\/wp-json\/wp\/v2\/pages\/52"}],"collection":[{"href":"https:\/\/rodapies.com\/blog\/wp-json\/wp\/v2\/pages"}],"about":[{"href":"https:\/\/rodapies.com\/blog\/wp-json\/wp\/v2\/types\/page"}],"author":[{"embeddable":true,"href":"https:\/\/rodapies.com\/blog\/wp-json\/wp\/v2\/users\/1"}],"replies":[{"embeddable":true,"href":"https:\/\/rodapies.com\/blog\/wp-json\/wp\/v2\/comments?post=52"}],"version-history":[{"count":3,"href":"https:\/\/rodapies.com\/blog\/wp-json\/wp\/v2\/pages\/52\/revisions"}],"predecessor-version":[{"id":55,"href":"https:\/\/rodapies.com\/blog\/wp-json\/wp\/v2\/pages\/52\/revisions\/55"}],"wp:attachment":[{"href":"https:\/\/rodapies.com\/blog\/wp-json\/wp\/v2\/media?parent=52"}],"curies":[{"name":"wp","href":"https:\/\/api.w.org\/{rel}","templated":true}]}}